{"id":334,"date":"2021-11-05T00:01:29","date_gmt":"2021-11-05T00:01:29","guid":{"rendered":"https:\/\/am-wind.dev.taliox.net\/?page_id=334"},"modified":"2022-03-02T18:32:17","modified_gmt":"2022-03-02T18:32:17","slug":"impressum","status":"publish","type":"page","link":"https:\/\/am-wind.dev.taliox.net\/?page_id=334","title":{"rendered":"Impressum"},"content":{"rendered":"\t\t<div data-elementor-type=\"wp-page\" data-elementor-id=\"334\" class=\"elementor elementor-334\" data-elementor-settings=\"[]\">\n\t\t\t\t\t\t\t<div class=\"elementor-section-wrap\">\n\t\t\t\t\t\t\t<section class=\"elementor-section elementor-top-section elementor-element elementor-element-189c73a6 elementor-section-boxed elementor-section-height-default elementor-section-height-default\" data-id=\"189c73a6\" data-element_type=\"section\">\n\t\t\t\t\t\t<div class=\"elementor-container elementor-column-gap-default\">\n\t\t\t\t\t<div class=\"elementor-column elementor-col-100 elementor-top-column elementor-element elementor-element-3da17581\" data-id=\"3da17581\" data-element_type=\"column\">\n\t\t\t<div class=\"elementor-widget-wrap elementor-element-populated\">\n\t\t\t\t\t\t\t\t<div class=\"elementor-element elementor-element-8929131 elementor-widget elementor-widget-heading\" data-id=\"8929131\" data-element_type=\"widget\" data-widget_type=\"heading.default\">\n\t\t\t\t<div class=\"elementor-widget-container\">\n\t\t\t<h2 class=\"elementor-heading-title elementor-size-default\">Impressum<\/h2>\t\t<\/div>\n\t\t\t\t<\/div>\n\t\t\t\t<div class=\"elementor-element elementor-element-7e504334 elementor-widget elementor-widget-text-editor\" data-id=\"7e504334\" data-element_type=\"widget\" data-widget_type=\"text-editor.default\">\n\t\t\t\t<div class=\"elementor-widget-container\">\n\t\t\t\t\t\t\t<p><!-- wp:paragraph --><\/p>\n<p>Angaben gem\u00e4\u00df \u00a7 5 TMG:<\/p>\n<p><!-- \/wp:paragraph --><\/p>\n<p><!-- wp:paragraph --><\/p>\n<p>Andreas Matuschak<br \/>Am Wind Veranstaltungen<br \/>Auf der Geest, 17<br \/>21514 B\u00fcchen<\/p>\n<p><!-- \/wp:paragraph --><\/p>\n<p><!-- wp:paragraph --><\/p>\n<p>Handelsregister: HRA 7631 HL<br \/>Registergericht: Amtsgericht L\u00fcbeck<\/p>\n<p><!-- \/wp:paragraph --><\/p>\n<p><!-- wp:paragraph --><\/p>\n<p>Kontakt:<\/p>\n<p>Telefon: 04155811819<br \/>Telefax: 041554670<br \/>E-Mail: matuschak@online.de<\/p>\n<p><!-- \/wp:paragraph --><\/p>\n<p><!-- wp:paragraph --><\/p>\n<p>Umsatzsteuer-Identifikationsnummer gem\u00e4\u00df \u00a727 a Umsatzsteuergesetz: DE180415765<br \/>Streitschlichtung:<br \/>Die Europ\u00e4ische Kommission stellt eine Plattform zur Online-Streitbeilegung (OS)<br \/>bereit: https:\/\/ec.europa.eu\/consumers\/odr. Unsere E-Mail-Adresse finden Sie oben im Impressum.<br \/>Wir sind nicht bereit oder verpflichtet, an Streitbeilegungsverfahren vor einer<br \/>Verbraucherschlichtungsstelle teilzunehmen.<\/p>\n<p>\u00a0<\/p>\n<h5>Haftungsausschluss<\/h5>\n<p>Es wird ausdr\u00fccklich betont, dass Am Wind Vernstaltungen keinerlei Einfluss auf die Gestaltung und die Inhalte von verlinkten Seiten oder anderer externer Inhalte hat.<\/p>\n<h5>Copyright<\/h5>\n<p>Texte, Bilder, Grafiken sowie Layout dieser Seiten unterliegen weltweitem Urheberrecht. Jeder Versto\u00df gegen Urheberrechte oder sonstige Rechte, insbesondere unerlaubte Verwendung, Reproduktion oder Weitergabe einzelner Inhalte oder kompletter Seiten wird sowohl zivilrechtlich, als auch strafrechtlich verfolgt. Die genannten Firmen-, Marken-, Handels-Namen sowie Produktbeschreibungen unterliegen, soweit nichts anderes vermerkt ist, Namens- bzw. Markenrechtsschutz.<\/p>\n<p><!-- \/wp:paragraph --><\/p>\t\t\t\t\t\t<\/div>\n\t\t\t\t<\/div>\n\t\t\t\t\t<\/div>\n\t\t<\/div>\n\t\t\t\t\t\t\t<\/div>\n\t\t<\/section>\n\t\t\t\t\t\t<\/div>\n\t\t\t\t\t<\/div>\n\t\t","protected":false},"excerpt":{"rendered":"<p>Impressum Angaben gem\u00e4\u00df \u00a7 5 TMG: Andreas MatuschakAm Wind VeranstaltungenAuf der Geest, 1721514 B\u00fcchen Handelsregister: HRA 7631 HLRegistergericht: Amtsgericht L\u00fcbeck Kontakt: Telefon: 04155811819Telefax: 041554670E-Mail: matuschak@online.de Umsatzsteuer-Identifikationsnummer gem\u00e4\u00df \u00a727 a Umsatzsteuergesetz: DE180415765Streitschlichtung:Die Europ\u00e4ische Kommission stellt eine Plattform zur Online-Streitbeilegung (OS)bereit: https:\/\/ec.europa.eu\/consumers\/odr. Unsere E-Mail-Adresse finden Sie oben im Impressum.Wir sind nicht bereit oder verpflichtet, an Streitbeilegungsverfahren vor &hellip;<\/p>\n<p class=\"read-more\"> <a class=\"\" href=\"https:\/\/am-wind.dev.taliox.net\/?page_id=334\"> <span class=\"screen-reader-text\">Impressum<\/span> Weiterlesen &raquo;<\/a><\/p>\n","protected":false},"author":3,"featured_media":0,"parent":0,"menu_order":0,"comment_status":"closed","ping_status":"closed","template":"","meta":{"site-sidebar-layout":"no-sidebar","site-content-layout":"page-builder","ast-main-header-display":"","ast-hfb-above-header-display":"","ast-hfb-below-header-display":"","ast-hfb-mobile-header-display":"","site-post-title":"disabled","ast-breadcrumbs-content":"","ast-featured-img":"disabled","footer-sml-layout":"","theme-transparent-header-meta":"enabled","adv-header-id-meta":"","stick-header-meta":"","header-above-stick-meta":"","header-main-stick-meta":"","header-below-stick-meta":"","footnotes":""},"class_list":["post-334","page","type-page","status-publish","hentry"],"_links":{"self":[{"href":"https:\/\/am-wind.dev.taliox.net\/index.php?rest_route=\/wp\/v2\/pages\/334","targetHints":{"allow":["GET"]}}],"collection":[{"href":"https:\/\/am-wind.dev.taliox.net\/index.php?rest_route=\/wp\/v2\/pages"}],"about":[{"href":"https:\/\/am-wind.dev.taliox.net\/index.php?rest_route=\/wp\/v2\/types\/page"}],"author":[{"embeddable":true,"href":"https:\/\/am-wind.dev.taliox.net\/index.php?rest_route=\/wp\/v2\/users\/3"}],"replies":[{"embeddable":true,"href":"https:\/\/am-wind.dev.taliox.net\/index.php?rest_route=%2Fwp%2Fv2%2Fcomments&post=334"}],"version-history":[{"count":15,"href":"https:\/\/am-wind.dev.taliox.net\/index.php?rest_route=\/wp\/v2\/pages\/334\/revisions"}],"predecessor-version":[{"id":537,"href":"https:\/\/am-wind.dev.taliox.net\/index.php?rest_route=\/wp\/v2\/pages\/334\/revisions\/537"}],"wp:attachment":[{"href":"https:\/\/am-wind.dev.taliox.net\/index.php?rest_route=%2Fwp%2Fv2%2Fmedia&parent=334"}],"curies":[{"name":"wp","href":"https:\/\/api.w.org\/{rel}","templated":true}]}}